 digit of l?
2
Let a(n) = 6*n**2 + 5*n + 38. What is the hundreds digit of a(8)?
4
Suppose 77 + 218 = x. Suppose -3*f = -8*f + x. What is the tens digit of f?
5
Suppose 10*k - 170 = 2230. What is the tens digit of k?
4
Let b(c) be the third derivative of 5*c**4/3 - 21*c**3/2 + 29*c**2. What is the hundreds digit of b(6)?
1
Let n(z) = -18*z**3 + z + 1. Suppose 4*y - 11 - 7 = -3*x, 5 = 4*x - y. Let t be (-1)/(-1)*(-3 + x). What is the units digit of n(t)?
8
Let l be (0 - (119 + -2))*-11. Suppose 5*u + 397 = l. What is the units digit of 64/48 - u/(-6)?
1
Suppose 0*n = -3*n + 60. Let b = n - 7. What is the tens digit of b?
1
Suppose -6 = -m + 3*c, -4*m + 4 = 5*c - 3. What is the units digit of 5491/34 - (-1)/(2/m)?
3
Let x be 0 + (-2)/(-3) + (-2)/(-6). What is the tens digit of x + (-3)/2 - 33/(-2)?
1
Suppose 754*z - 762*z + 14288 = 0. What is the thousands digit of z?
1
Let n = 17 + -12. Suppose n*a = -1 + 31. What is the tens digit of 513/21 - a/14?
2
Let w be 1/(-4) - 9765/60. Let p = w + 337. What is the hundreds digit of p?
1
Suppose -39*g + 14*g + 21675 = 0. What is the hundreds digit of g?
8
Let l(t) = 2*t**2 + 13*t - 1. Suppose -5*y + 3*z - 23 = 10, -5*z = 2*y + 7. Let k be l(y). Let w = k - -19. What is the tens digit of w?
1
Let r = -14 - -17. Let b(z) = -z**2 + 2 - 3*z**r + 3*z**3 + z - 5*z**3. What is the units digit of b(-2)?
6
Let g be (-3 - -1)/(2/4). Let c be -306 - ((-3 - -2) + 3). What is the units digit of (-6)/g*c/(-33)?
4
Let v(x) = x**2 + 11*x + 4. Let k be v(-11). Let o be k + 44 - (-2 - -6). Suppose j + 15 = o. What is the units digit of j?
9
Let d(g) be the second derivative of g**4/6 + 11*g**3/6 + 5*g**2 - 17*g. Suppose p + p = -14. What is the units digit of d(p)?
1
Let o(t) = 6*t**2 + 7*t + 19. Let f be o(-6). Suppose x + m - 84 = 0, 3*x - f = -2*m + 63. What is the tens digit of x?
8
Let k(o) = o - 9. Let t be k(13). Let v(l) = 3*l**2 + 2*l + 4. What is the units digit of v(t)?
0
Let g = 12 + -14. Let r be ((-12)/15)/(g/480). What is the units digit of r/36*(-3)/(-2)?
8
Suppose 0*q + 2 = -q - 4*j, -3 = q + 5*j. Suppose -q*p + 18 = -106. What is the units digit of p?
2
Let q be 8/(-6)*90/(-4). Let t be 1/(2/q*3). Suppose 0 = -p + 4*f + 62, -3*f = 4*p - t - 205. What is the tens digit of p?
5
Let h(y) = 36*y + 144. What is the tens digit of h(9)?
6
Let q = 1679 - 938. What is the hundreds digit of q?
7
Suppose 2*s + 3*p = -197 + 1164, 500 = s - 4*p. What is the tens digit of s?
8
Suppose -2*v = -5*v - 90. Let j = 5 - v. Suppose -4*n = 8, 4*u = -3*n - j + 333. What is the tens digit of u?
7
Let d(g) = g**2 - 40*g + 199. Let r be d(34). Let m(v) be the third derivative of v**6/120 + v**5/10 - v**4/6 - 2*v**3/3 - v**2. What is the tens digit of m(r)?
4
Suppose n + 1 = 4*d, 4*d + 1 = -3*n - 2. What is the units digit of -5 - -1 - (17 - 1)*n?
2
Suppose -2*o + 11070 = 4*x, -2*x + 0*o + 5526 = -2*o. What is the tens digit of x?
6
Suppose -4*d - 501 = -r, 598 - 94 = r - 3*d. Suppose 2*v - 200 = -c, 8*v - 3*v - r = 4*c. Let l = 145 - v. What is the units digit of l?
4
Suppose 14*d - 588 = 3374. What is the units digit of d?
3
Let l be (-8)/(-2) - (-1 + 1). Let c be (l/(-10))/(5/(-75)). What is the units digit of c/((21/4)/7)?
8
What is the hundreds digit of (-168)/112 + (-921)/(-2)?
4
Suppose 0 = -20*t + 16*t - i + 5528, 5*t - 3*i - 6927 = 0. What is the hundreds digit of t?
3
Suppose -3*x + 228 = -0*x. Suppose 3*f - 33 = 2*f + t, 2*f - 4*t = x. What is the tens digit of f?
2
Let n(r) = 10*r**2 - 39. What is the units digit of n(8)?
1
Let n(z) = -5*z - 12. Let p(u) = 8*u + 7. Let x(v) = -23*v - 22. Let c(t) = 11*p(t) + 4*x(t). Let o(m) = -4*c(m) + 3*n(m). What is the tens digit of o(8)?
1
Let u = -526 - -885. What is the units digit of u?
9
What is the tens digit of (-363)/6*(-12 - 8/(-2))?
8
Let r(m) = 4*m**2 + 18*m + 21. What is the units digit of r(-26)?
7
Suppose -2 = -p + 1. Let o(k) = k**3 + k**2. Let t be o(-1). Suppose t = 3*a + 2*d - 79, 2*a - a = p*d + 19. What is the tens digit of a?
2
Suppose 0 = 8*w - 18092 + 2188. What is the thousands digit of w?
1
Suppose -8*q + 6129 = 2161. What is the hundreds digit of q?
4
Let w = -106 + 79. What is the tens digit of 33*6/w*(-90)/4?
6
Let i = -115 + 415. Let x = i + -157. What is the units digit of x?
3
Let x(a) = -54*a - 33. Let h be x(-11). Suppose -5*g = 2*n - h - 241, 0 = -4*g - 3*n + 643. What is the tens digit of g?
6
What is the hundreds digit of (25 + -1)*(-6)/((-84)/91)?
1
Let n(t) = 2*t + 22. Let s be n(-9). Suppose s*d - 15 = d. What is the units digit of (d/(-2) - -2)*-98?
9
Let y(k) = 12*k + 87. What is the units digit of y(7)?
1
What is the units digit of 28/6*(561 + -27)?
2
Let f be (-4304)/(-14) + (-96)/(-168). What is the units digit of 1/(-3) + f/6?
1
Let z(r) = -r**2 + 3*r + 3. Let v be z(3). Suppose 0*h + 2*h = 5*s + 148, 0 = -v*h + 3*s + 204. What is the units digit of h?
4
Let u be (-83 + (8/2)/(-4))*1. What is the tens digit of ((-57)/(-76))/((-1)/u)?
6
Suppose 210 - 48 = -3*r. What is the tens digit of (-4)/18 + (-2 - 2496/r)?
4
Suppose -34*p + 26*p = -4448. What is the hundreds digit of p?
5
Let w = 113 + -112. Let y = w - -158. What is the units digit of y?
9
Let k be 229/(-14)*-8 + 4/28. Let x = k + -15. What is the tens digit of x?
1
Let v = -117 - -210. Let i = v + -84. What is the units digit of i?
9
Let m be 819/(-26)*8/(-3). Let l = m + 11. What is the tens digit of l?
9
Let m(h) = h**3 - 6*h**2 - 7*h. Let v be 36/5 - 1/5. Let u be m(v). What is the units digit of 6*(u - (-9)/2)?
7
Let t = 192 - 133. Let s(g) = -g**2 - 10*g - 13. Let l be s(-10). Let j = l + t. What is the tens digit of j?
4
Suppose -9*v + 42 = -3*v. Let u be 169/v + (-5)/35. Let f = u + 1. What is the tens digit of f?
2
Suppose s + 0 = 10. Let q(m) = 2*m + 9. What is the units digit of q(s)?
9
What is the thousands digit of (9/(-5))/((-6)/(-20)) + 1395?
1
Suppose -5*s - 160 - 300 = 0. Let i = -21 - s. What is the units digit of i?
1
Let s(c) be the third derivative of -c**5/30 - 5*c**4/12 - 2*c**3/3 + 4*c**2. What is the units digit of s(-4)?
4
Let m(s) = 17*s. Let c(r) = -51*r + 1. Let d(i) = -3*c(i) - 8*m(i). What is the tens digit of d(2)?
3
Suppose -2650 = -7*x - 67. What is the hundreds digit of x?
3
Let l(q) = -q**2 - 2*q + 5. Let p be l(2). Let c(y) = -3*y**3 + y**2 - 4*y - 4. What is the units digit of c(p)?
8
Suppose 2*w - 1326 = -5*k + 1267, 5*w - 3*k - 6405 = 0. What is the thousands digit of w?
1
Let a(i) = 48*i**2 - 21*i + 2. What is the hundreds digit of a(-6)?
8
Suppose 4*m = -0*m. Suppose -4*r + 2*r + 2 = m. What is the units digit of r?
1
Suppose -2*i + 158 = 2*y, -3*y + 391 = i + 4*i. Let o = i + 68. What is the units digit of o?
5
Let z(k) be the first derivative of -21*k**4/4 - k**3/3 - k**2 - k - 876. Let o(v) = -2*v**2 + 2*v - 1. Let c be o(1). What is the units digit of z(c)?
1
Suppose -3*f + 40 = k + 2177, 0 = -4*f + 4. Let t be 2/(-14) + k/14. Let l = t - -216. What is the units digit of l?
3
Let b(f) = -3*f**3 - 10*f - 16. What is the units digit of b(-2)?
8
Let h = -11 + 251. Suppose 9*z - 1068 = -h. What is the tens digit of z?
9
What is the units digit of 29644/28 - (-3)/((-189)/(-18))?
9
Suppose 2*x - 4*i = 1166, -5*x - 8*i + 10*i + 2907 = 0. What is the hundreds digit of x?
5
Let n(r) = -25*r - 1. Let j(s) = -26*s - 1. Let t(v) = -4*j(v) + 3*n(v). Let q = -24 + 25. What is the tens digit of t(q)?
3
Suppose -5*p = -c - 25, 3*p - 6*c - 22 = -4*c. Let z = 4 - p. Suppose z = -6*k + 4*k + 8. What is the units digit of k?
4
Suppose 0 = a - 60 - 19. Suppose -4*h = a + 57. Let l = h + 48. What is the tens digit of l?
1
Let d be 15*-1*(-4)/(-12). What is the tens digit of ((-108)/16)/(d/40)?
5
Let v be (20/(-6))/((-20)/(-30)). What is the tens digit of ((-288)/20 - -3)*v?
5
Suppose -243 + 83 = -2*a. Let n = a - 47. Suppose 4*y - n = -4*l - y, 3*l - 45 = 3*y. What is the tens digit of l?
1
Let a = -412 - -698. What is the hundreds digit of a?
2
Let w(u) = 7*u**2 - 2*u + 30. What is the tens digit of w(-11)?
9
Suppose 2*l + 0*l + 8 = 0, 5*l = -5*g + 85. Suppose -18*p - 9 = -g*p. Suppose 2*h + p*h = 160. What is the tens digit of h?
3
What is the hundreds digit of 1/8 - (-60585)/120?
5
Let q(o) = o**2 + 10*o + 11. Let r be q(-9). Let m be ((3 - r) + -4)/